{"id":9079,"date":"2020-01-26T18:01:47","date_gmt":"2020-01-26T18:01:47","guid":{"rendered":"https:\/\/www.ictdokterzwolle.nl\/shop\/?post_type=product&#038;p=9079"},"modified":"2021-01-13T13:25:48","modified_gmt":"2021-01-13T13:25:48","slug":"tradfri-verbindingshub","status":"publish","type":"product","link":"https:\/\/www.ictdokterzwolle.nl\/shop\/product\/tradfri-verbindingshub\/","title":{"rendered":"TR\u00c5DFRI Verbindingshub"},"content":{"rendered":"<p class=\"range-expandable__paragraf no-margin bold\" data-test-target-function-solution-expandable-header=\"\">Van slimme verlichting naar de slimme woning<\/p>\n<p class=\"range-expandable__paragraf no-margin\" data-test-target-function-solution-expandable-text=\"\">Voor ons is een slim product iets wat het dagelijks leven eenvoudiger maakt. Met de TR\u00c5DFRI hub en gekoppelde producten kan je verschillende sfeersc\u00e8nes cre\u00ebren en thuis timers zetten, zodat de verlichting aangaat en je rolgordijnen &#8217;s morgens omhooggaan terwijl jij nog in bed ligt. Of niet, als je liever uitslaapt. Stuur alles met de IKEA Home smart app op je telefoon of tablet. Of met een stemassistent als je dat liever doet. Alles om je leven op meer dan \u00e9\u00e9n manier comfortabeler te maken.<\/p>\n","protected":false},"excerpt":{"rendered":"<p class=\"range-expandable__paragraf no-margin\">Met de TR\u00c5DFRI verbindingshub en app kan je elke lichtbron individueel sturen, verschillende soorten lichtstanden instellen &#8211; en ze met de afstandsbediening of de app sturen. Aan, uit, dimmen, kleuren kiezen en wisselen tussen warm en koud licht.<\/p>\n<p class=\"range-expandable__paragraf no-margin\">Je kan de TR\u00c5DFRI verbindingshub en de IKEA Home smart app gebruiken voor het samenstellen van meerdere groepen lichtbronnen en die op verschillende manieren sturen.<\/p>\n<p class=\"range-expandable__paragraf no-margin\">De TR\u00c5DFRI verbindingshub en de IKEA Home smart app werken met Amazon Alexa, Apple HomeKit, Google Assistant en Sonos.<\/p>\n<p class=\"range-expandable__paragraf no-margin\">Uitsluitend te gebruiken met producten van IKEA slimme verlichting.<\/p>\n<p class=\"range-expandable__paragraf no-margin\">Om de verbindingshub te gebruiken heb je een internetverbinding nodig.<\/p>\n<p class=\"range-expandable__paragraf no-margin\">Gebruik de meegeleverde ethernetkabel om de hub aan te sluiten op je router.<\/p>\n<p class=\"range-expandable__paragraf no-margin\">Je hebt een van de stuureenheden uit de serie TR\u00c5DFRI nodig (afstandsbediening, draadloze dimmer of draadloze bewegingssensor) om je lampen te kunnen koppelen met de verbindingshub en app.<\/p>\n<p class=\"range-expandable__paragraf no-margin\">Verborgen kabelmanagement voor ethernet- en stroomkabels.<\/p>\n<p class=\"range-expandable__paragraf no-margin\">Stand-byverbruik: 0,63W<\/p>\n<p class=\"range-expandable__paragraf no-margin\">Dit product is CE-gecertificeerd.<\/p>\n<p class=\"range-expandable__paragraf no-margin\">De IKEA Homesmart app werkt met Android (KitKat 4.4 en Lollipop 5.0, of hoger) en iOS (iOS 9, of hoger).<\/p>\n<p class=\"range-expandable__paragraf no-margin\">De IKEA Homesmart app wordt voortdurend ge\u00fcpdatet met meer functies en mogelijkheden.<\/p>\n<p class=\"range-expandable__paragraf no-margin\">De TR\u00c5DFRI hub maakt dat je de app IKEA Home smart kan gebruiken.<\/p>\n<p class=\"range-expandable__paragraf no-margin\">Download de app IKEA Home smart gratis via Google Play of de App Store, afhankelijk van de telefoon of tablet die je hebt.<\/p>\n<h5 class=\"range-expandable__subheader\">Designer<\/h5>\n<p class=\"range-expandable__paragraf no-margin\">IKEA of Sweden<\/p>\n<p>Naast het product is er ook een mogelijkheid om de\u00a0<a href=\"https:\/\/www.ictdokterzwolle.nl\/shop\/product\/connect-en-go\/\">Connect &amp; Go Service<\/a>\u00a0en\u00a0<a href=\"https:\/\/www.ictdokterzwolle.nl\/shop\/product\/geen-zorgen-service\/\">\u201cGeen Zorgen\u201d Service<\/a>\u00a0aan je bestelling toe te voegen. Klik op de linkjes voor meer uitleg.<\/p>\n<p>&nbsp;<\/p>\n","protected":false},"featured_media":9081,"comment_status":"open","ping_status":"closed","template":"","meta":[],"product_brand":[],"product_cat":[1688],"product_tag":[1710],"class_list":{"0":"post-9079","1":"product","2":"type-product","3":"status-publish","4":"has-post-thumbnail","6":"product_cat-ikea-smarthome","7":"product_tag-403-378-06","8":"product_shipping_class-mp","9":"pa_gtin-403-378-06","10":"pa_merk-ikea","12":"first","13":"instock","14":"taxable","15":"shipping-taxable","16":"product-type-simple"},"supplier_id":null,"supplier_sku":"","barcode":null,"atum_controlled":true,"out_stock_date":null,"out_stock_threshold":null,"inheritable":false,"inbound_stock":null,"stock_on_hold":null,"sold_today":null,"sales_last_days":null,"reserved_stock":null,"customer_returns":null,"warehouse_damage":null,"lost_in_post":null,"other_logs":null,"out_stock_days":null,"lost_sales":null,"has_location":null,"update_date":null,"atum_locations":[],"atum_stock_status":"instock","restock_status":false,"low_stock_amount":"","sales_update_date":null,"calc_backorders":null,"jetpack_sharing_enabled":true,"_links":{"self":[{"href":"https:\/\/www.ictdokterzwolle.nl\/shop\/wp-json\/wp\/v2\/product\/9079","targetHints":{"allow":["GET"]}}],"collection":[{"href":"https:\/\/www.ictdokterzwolle.nl\/shop\/wp-json\/wp\/v2\/product"}],"about":[{"href":"https:\/\/www.ictdokterzwolle.nl\/shop\/wp-json\/wp\/v2\/types\/product"}],"replies":[{"embeddable":true,"href":"https:\/\/www.ictdokterzwolle.nl\/shop\/wp-json\/wp\/v2\/comments?post=9079"}],"wp:featuredmedia":[{"embeddable":true,"href":"https:\/\/www.ictdokterzwolle.nl\/shop\/wp-json\/wp\/v2\/media\/9081"}],"wp:attachment":[{"href":"https:\/\/www.ictdokterzwolle.nl\/shop\/wp-json\/wp\/v2\/media?parent=9079"}],"wp:term":[{"taxonomy":"product_brand","embeddable":true,"href":"https:\/\/www.ictdokterzwolle.nl\/shop\/wp-json\/wp\/v2\/product_brand?post=9079"},{"taxonomy":"product_cat","embeddable":true,"href":"https:\/\/www.ictdokterzwolle.nl\/shop\/wp-json\/wp\/v2\/product_cat?post=9079"},{"taxonomy":"product_tag","embeddable":true,"href":"https:\/\/www.ictdokterzwolle.nl\/shop\/wp-json\/wp\/v2\/product_tag?post=9079"}],"curies":[{"name":"wp","href":"https:\/\/api.w.org\/{rel}","templated":true}]}}