{"id":20205,"date":"2024-09-24T10:58:16","date_gmt":"2024-09-24T10:58:16","guid":{"rendered":"https:\/\/www.ictdokterzwolle.nl\/shop\/?post_type=product&#038;p=20205"},"modified":"2024-09-24T11:03:25","modified_gmt":"2024-09-24T11:03:25","slug":"canon-maxify-mb2150-inkjetprinter","status":"publish","type":"product","link":"https:\/\/www.ictdokterzwolle.nl\/shop\/product\/canon-maxify-mb2150-inkjetprinter\/","title":{"rendered":"Canon MAXIFY MB2150 Inkjetprinter"},"content":{"rendered":"<table class=\"popularSpecs\">\n<thead>\n<tr>\n<th colspan=\"2\">\n<h3 class=\"toggleBtn bar right\">Populaire specificaties<\/h3>\n<\/th>\n<\/tr>\n<\/thead>\n<tbody class=\"toggleContent\">\n<tr>\n<td class=\"spec-label\">All-in-one printer<\/td>\n<td class=\"spec\">Ja (ADF)<\/td>\n<\/tr>\n<tr>\n<td class=\"spec-label\">Printertype<\/td>\n<td class=\"spec\">Inkjet<\/td>\n<\/tr>\n<tr>\n<td class=\"spec-label\">Overige printerfuncties<\/td>\n<td class=\"spec\">Automatisch documentinvoer, Dubbelzijdig printen (automatisch), Fax, Kopi\u00ebren, Scannen<\/td>\n<\/tr>\n<tr>\n<td class=\"spec-label\">Printkleur<\/td>\n<td class=\"spec\">Kleur<\/td>\n<\/tr>\n<tr>\n<td class=\"spec-label\">Verbinding (printer)<\/td>\n<td class=\"spec\">802.11b, 802.11g, USB 2.0, Wi-Fi (versie onbekend), Wi-Fi 4 (802.11n)<\/td>\n<\/tr>\n<tr>\n<td class=\"spec-label\">Printresolutie (horizontaal)<\/td>\n<td class=\"spec\">600 dpi<\/td>\n<\/tr>\n<\/tbody>\n<\/table>\n<div class=\"toggleSpecsContainer\"><a class=\"toggleSpecs\">Alles\u00a0<span class=\"close\">sluiten<\/span><\/a><\/div>\n<table class=\"toggleable\">\n<thead>\n<tr>\n<th colspan=\"2\">\n<h3 class=\"toggleBtn bar right\">Techniek en functies<\/h3>\n<\/th>\n<\/tr>\n<\/thead>\n<tbody class=\"toggleContent\">\n<tr>\n<td class=\"spec-label\">All-in-one printer<\/td>\n<td class=\"spec\">Ja (ADF)<\/td>\n<\/tr>\n<tr>\n<td class=\"spec-label\">Printertype<\/td>\n<td class=\"spec\">Inkjet<\/td>\n<\/tr>\n<tr>\n<td class=\"spec-label\">Overige printerfuncties<\/td>\n<td class=\"spec\">Automatisch documentinvoer, Dubbelzijdig printen (automatisch), Fax, Kopi\u00ebren, Scannen<\/td>\n<\/tr>\n<tr>\n<td class=\"spec-label\">Printkleur<\/td>\n<td class=\"spec\">Kleur<\/td>\n<\/tr>\n<tr>\n<td class=\"spec-label\">Type cartridge\/toner<\/td>\n<td class=\"spec\">Cartridge<\/td>\n<\/tr>\n<tr>\n<td class=\"spec-label\">Aantal (toner)cartridges<\/td>\n<td class=\"spec\">4x<\/td>\n<\/tr>\n<tr>\n<td class=\"spec-label\">Scannen naar<\/td>\n<td class=\"spec\">Cloud, Email, USB\/Memory card<\/td>\n<\/tr>\n<\/tbody>\n<\/table>\n<table class=\"toggleable\">\n<thead>\n<tr>\n<th colspan=\"2\">\n<h3 class=\"toggleBtn bar right\">Printer &#8211; resolutie<\/h3>\n<\/th>\n<\/tr>\n<\/thead>\n<tbody class=\"toggleContent\">\n<tr>\n<td class=\"spec-label\">Printresolutie (horizontaal)<\/td>\n<td class=\"spec\">600 dpi<\/td>\n<\/tr>\n<tr>\n<td class=\"spec-label\">Printresolutie (verticaal)<\/td>\n<td class=\"spec\">1200 dpi<\/td>\n<\/tr>\n<\/tbody>\n<\/table>\n<table class=\"toggleable\">\n<thead>\n<tr>\n<th colspan=\"2\">\n<h3 class=\"toggleBtn bar right\">Scanner &#8211; resolutie<\/h3>\n<\/th>\n<\/tr>\n<\/thead>\n<tbody class=\"toggleContent\">\n<tr>\n<td class=\"spec-label\">Scanresolutie (horizontaal)<\/td>\n<td class=\"spec\">1200 dpi<\/td>\n<\/tr>\n<tr>\n<td class=\"spec-label\">Scanresolutie (verticaal)<\/td>\n<td class=\"spec\">1200 dpi<\/td>\n<\/tr>\n<\/tbody>\n<\/table>\n<table class=\"toggleable\">\n<thead>\n<tr>\n<th colspan=\"2\">\n<h3 class=\"toggleBtn bar right\">Aansluitingen<\/h3>\n<\/th>\n<\/tr>\n<\/thead>\n<tbody class=\"toggleContent\">\n<tr>\n<td class=\"spec-label\">Type geheugenkaart<\/td>\n<td class=\"spec\">USB geheugen stick \/ drive<\/td>\n<\/tr>\n<\/tbody>\n<\/table>\n<table class=\"toggleable\">\n<thead>\n<tr>\n<th colspan=\"2\">\n<h3 class=\"toggleBtn bar right\">Verbindingen<\/h3>\n<\/th>\n<\/tr>\n<\/thead>\n<tbody class=\"toggleContent\">\n<tr>\n<td class=\"spec-label\">Verbinding (printer)<\/td>\n<td class=\"spec\">802.11b, 802.11g, USB 2.0, Wi-Fi (versie onbekend), Wi-Fi 4 (802.11n)<\/td>\n<\/tr>\n<tr>\n<td class=\"spec-label\">WiFi onboard<\/td>\n<td class=\"spec\"><span class=\"sprite boolTrue\">Ja<\/span><\/td>\n<\/tr>\n<\/tbody>\n<\/table>\n<table class=\"toggleable\">\n<thead>\n<tr>\n<th colspan=\"2\">\n<h3 class=\"toggleBtn bar right\">Eigenschappen<\/h3>\n<\/th>\n<\/tr>\n<\/thead>\n<tbody class=\"toggleContent\">\n<tr>\n<td class=\"spec-label\">Schermdiagonaal<\/p>\n<h4>Schermdiagonaal<\/h4>\n<p>De schermdiagonaal is de schermmaat gemeten van linksonder naar rechtsboven en uitgedrukt in inches (&#8220;), 1 inch staat voor 2,54 cm.<\/td>\n<td class=\"spec\">2,5&#8243;<\/td>\n<\/tr>\n<\/tbody>\n<\/table>\n<table class=\"toggleable\">\n<thead>\n<tr>\n<th colspan=\"2\">\n<h3 class=\"toggleBtn bar right\">Printspecificaties<\/h3>\n<\/th>\n<\/tr>\n<\/thead>\n<tbody class=\"toggleContent\">\n<tr>\n<td class=\"spec-label\">Papierformaat<\/td>\n<td class=\"spec\">A4, A5, B5<\/td>\n<\/tr>\n<tr>\n<td class=\"spec-label\">Papierinvoer<\/td>\n<td class=\"spec\">Lade<\/td>\n<\/tr>\n<tr>\n<td class=\"spec-label\">Aantal papierlades<\/td>\n<td class=\"spec\">1x<\/td>\n<\/tr>\n<\/tbody>\n<\/table>\n<table class=\"toggleable\">\n<thead>\n<tr>\n<th colspan=\"2\">\n<h3 class=\"toggleBtn bar right\">Printservices<\/h3>\n<\/th>\n<\/tr>\n<\/thead>\n<tbody class=\"toggleContent\">\n<tr>\n<td class=\"spec-label\">Printservices<\/td>\n<td class=\"spec\">Apple AirPrint, Mopria Print Service<\/td>\n<\/tr>\n<\/tbody>\n<\/table>\n<table class=\"toggleable\">\n<thead>\n<tr>\n<th colspan=\"2\">\n<h3 class=\"toggleBtn bar right\">Afmetingen<\/h3>\n<\/th>\n<\/tr>\n<\/thead>\n<tbody class=\"toggleContent\">\n<tr>\n<td class=\"spec-label\">Hoogte<\/td>\n<td class=\"spec\">260mm<\/td>\n<\/tr>\n<tr>\n<td class=\"spec-label\">Breedte<\/td>\n<td class=\"spec\">463mm<\/td>\n<\/tr>\n<tr>\n<td class=\"spec-label\">Diepte<\/td>\n<td class=\"spec\">389mm<\/td>\n<\/tr>\n<\/tbody>\n<\/table>\n<table class=\"toggleable\">\n<thead>\n<tr>\n<th colspan=\"2\">\n<h3 class=\"toggleBtn bar right\">Gewicht en kleur<\/h3>\n<\/th>\n<\/tr>\n<\/thead>\n<tbody class=\"toggleContent\">\n<tr>\n<td class=\"spec-label\">Gewicht<\/td>\n<td class=\"spec\">10,6kg<\/td>\n<\/tr>\n<tr>\n<td class=\"spec-label\">Kleur<\/td>\n<td class=\"spec\">Zwart<\/td>\n<\/tr>\n<\/tbody>\n<\/table>\n","protected":false},"excerpt":{"rendered":"<h2 class=\"heading heading-h2 heading-blue\">Productbeschrijving<\/h2>\n<div>\n<h2>De Canon MAXIFY MB2150 inkjetprinter kopen?<\/h2>\n<p>Ben je op zoek naar een betrouwbare inkjetprinter voor thuis- of kantoorgebruik? Dan is de Canon MAXIFY MB2150 Inkjetprinter de perfecte keuze. Met zijn geavanceerde functies en indrukwekkende prestaties zorgt deze printer ervoor dat jij al je print-, scan-, kopieer- en faxtaken moeiteloos kunt uitvoeren. Bij PrintAbout kun je deze veelzijdige printer eenvoudig bestellen, zodat je snel aan de slag kunt.<\/p>\n<h2>Specificaties van de Canon MAXIFY MB2150 inkjetprinter<\/h2>\n<p>De Canon MAXIFY MB2150 beschikt over verschillende specificaties die ervoor zorgen dat jij effici\u00ebnt en probleemloos kunt printen. Deze all-in-one printer biedt niet alleen de mogelijkheid om te printen, maar ook om te scannen, kopi\u00ebren en faxen. De inkjetprinttechnologie zorgt voor haarscherpe afdrukken in levendige kleuren.<\/p>\n<h3>Printsnelheid en ADF<\/h3>\n<p>Met een printsnelheid van 19 pagina&#8217;s per minuut in kleur en 13 pagina&#8217;s per minuut in zwart-wit hoef je nooit lang te wachten op jouw documenten. Bovendien heeft deze printer een automatische documentinvoer (ADF) waarmee je tot 50 vellen papier in \u00e9\u00e9n keer kunt scannen of kopi\u00ebren.<\/p>\n<h3>De connectiviteit van de Canon MAXIFY MB2150<\/h3>\n<p>Dankzij de wifi-functie kun je eenvoudig draadloos verbinding maken met jouw smartphone, tablet of laptop. Hierdoor kun je gemakkelijk printopdrachten versturen zonder gedoe met kabels. Daarnaast ondersteunt de Canon MAXIFY MB2150 ook printen via app, zodat je zelfs vanaf afstand jouw documenten kunt afdrukken.<\/p>\n<h3>Resolutie en capaciteit<\/h3>\n<p>Met een resolutie van 600 x 1200 DPI zorgt deze printer voor scherpe en gedetailleerde prints. Bovendien biedt de automatische dubbelzijdige printfunctie extra gemak en bespaart het papier. Met de aanbevolen volumecapaciteit van maximaal 1.000 pagina&#8217;s per maand is deze printer geschikt voor zowel thuis- als kantoorgebruik.<\/p>\n<\/div>\n<h2 class=\"heading heading-h2 heading-blue\">In de doos<\/h2>\n<p>Met deze printer worden onderstaande onderdelen standaard meegeleverd:<\/p>\n<div class=\"p1ohi5eu pnzgun\">\n<div class=\"pzu3r31\">\n<div class=\"row\">\n<div class=\"small-12 columns\">\n<table class=\"pvb91jv\">\n<tbody>\n<tr class=\"pe715s5\">\n<td class=\"pc36xs9 p1hsqivc\">Cartridges<\/td>\n<td class=\"pc36xs9\">Ja, met starterscapaciteit<\/td>\n<\/tr>\n<tr class=\"pe715s5\">\n<td class=\"pc36xs9 p1hsqivc\">Handleiding<\/td>\n<td class=\"pc36xs9\">Ja<\/td>\n<\/tr>\n<tr class=\"pe715s5\">\n<td class=\"pc36xs9 p1hsqivc\">Netwerkkabel<\/td>\n<td class=\"pc36xs9\">Nee<\/td>\n<\/tr>\n<tr class=\"pe715s5\">\n<td class=\"pc36xs9 p1hsqivc\">Netsnoer<\/td>\n<td class=\"pc36xs9\">Ja<\/td>\n<\/tr>\n<tr class=\"pe715s5\">\n<td class=\"pc36xs9 p1hsqivc\">USB kabel<\/td>\n<td class=\"pc36xs9\">Nee<\/td>\n<\/tr>\n<\/tbody>\n<\/table>\n<\/div>\n<\/div>\n<\/div>\n<\/div>\n","protected":false},"featured_media":20206,"comment_status":"open","ping_status":"closed","template":"","meta":[],"product_brand":[],"product_cat":[3921,1863],"product_tag":[3911],"class_list":{"0":"post-20205","1":"product","2":"type-product","3":"status-publish","4":"has-post-thumbnail","6":"product_cat-canon-inktjet-printers","7":"product_cat-inktjet-printers","8":"product_tag-3911","9":"product_shipping_class-mp","10":"pa_gtin-3944","11":"pa_merk-canon","13":"first","14":"instock","15":"taxable","16":"shipping-taxable","17":"purchasable","18":"product-type-simple"},"supplier_id":null,"supplier_sku":"","barcode":null,"atum_controlled":true,"out_stock_date":null,"out_stock_threshold":null,"inheritable":false,"inbound_stock":null,"stock_on_hold":0,"sold_today":0,"sales_last_days":0,"reserved_stock":null,"customer_returns":null,"warehouse_damage":null,"lost_in_post":null,"other_logs":null,"out_stock_days":0,"lost_sales":0,"has_location":false,"update_date":"2025-11-18T12:31:21","atum_locations":[],"atum_stock_status":"instock","restock_status":false,"low_stock_amount":"","sales_update_date":"2025-11-18T12:31:21","calc_backorders":null,"jetpack_sharing_enabled":true,"_links":{"self":[{"href":"https:\/\/www.ictdokterzwolle.nl\/shop\/wp-json\/wp\/v2\/product\/20205","targetHints":{"allow":["GET"]}}],"collection":[{"href":"https:\/\/www.ictdokterzwolle.nl\/shop\/wp-json\/wp\/v2\/product"}],"about":[{"href":"https:\/\/www.ictdokterzwolle.nl\/shop\/wp-json\/wp\/v2\/types\/product"}],"replies":[{"embeddable":true,"href":"https:\/\/www.ictdokterzwolle.nl\/shop\/wp-json\/wp\/v2\/comments?post=20205"}],"wp:featuredmedia":[{"embeddable":true,"href":"https:\/\/www.ictdokterzwolle.nl\/shop\/wp-json\/wp\/v2\/media\/20206"}],"wp:attachment":[{"href":"https:\/\/www.ictdokterzwolle.nl\/shop\/wp-json\/wp\/v2\/media?parent=20205"}],"wp:term":[{"taxonomy":"product_brand","embeddable":true,"href":"https:\/\/www.ictdokterzwolle.nl\/shop\/wp-json\/wp\/v2\/product_brand?post=20205"},{"taxonomy":"product_cat","embeddable":true,"href":"https:\/\/www.ictdokterzwolle.nl\/shop\/wp-json\/wp\/v2\/product_cat?post=20205"},{"taxonomy":"product_tag","embeddable":true,"href":"https:\/\/www.ictdokterzwolle.nl\/shop\/wp-json\/wp\/v2\/product_tag?post=20205"}],"curies":[{"name":"wp","href":"https:\/\/api.w.org\/{rel}","templated":true}]}}